is 10010100101100 + -1011?
10010100100001
In base 11, what is -631148 - -3?
-631145
In base 5, what is 2040223 + 12?
2040240
In base 16, what is -4 - -1e6ad?
1e6a9
In base 9, what is 22265 + -77?
22177
In base 14, what is 7bd + -1bd?
600
In base 14, what is 1b75 - -32?
1ba7
In base 16, what is -34 - -22?
-12
In base 13, what is -ab2b + -101?
-ac2c
In base 9, what is -5 - -36424?
36418
In base 15, what is -1 + -29e?
-2a0
In base 4, what is -113132 - -1230?
-111302
In base 3, what is 10011212112 - 0?
10011212112
In base 13, what is 5bc9c + 3?
5bca2
In base 11, what is -2567a2 - -1?
-2567a1
In base 8, what is 75 + 20527?
20624
In base 12, what is -358a - -3?
-3587
In base 5, what is -10 - -31122434?
31122424
In base 10, what is 21 - 1496?
-1475
In base 3, what is -110 + 1012002?
1011122
In base 4, what is 1233322 + 222?
1300210
In base 2, what is -101000101101001100 - 11?
-101000101101001111
In base 12, what is -1 - 1607?
-1608
In base 10, what is -9554 - -4?
-9550
In base 12, what is -3 - 372?
-375
In base 12, what is -5798 - 5?
-57a1
In base 12, what is 2 - 13031?
-1302b
In base 13, what is -c13bb + 1?
-c13ba
In base 3, what is 101 - -10111202?
10112010
In base 5, what is 3 + 141233?
141241
In base 9, what is 18220 - 637?
17472
In base 12, what is 6 - -835b3?
835b9
In base 13, what is 1ba + 1b?
208
In base 15, what is 4 + -8b1eb?
-8b1e7
In base 7, what is -5020 - 403?
-5423
In base 6, what is 21 - -21124?
21145
In base 10, what is -3 + -23652?
-23655
In base 16, what is cc + fe?
1ca
In base 14, what is b04c + 4?
b052
In base 13, what is -928 + 62?
-896
In base 11, what is 164406 - -7?
164412
In base 3, what is 110 - -1010010011?
1010010121
In base 7, what is -2 + 656200?
656165
In base 16, what is -6 + -26c1c?
-26c22
In base 4, what is -33301 - -232?
-33003
In base 11, what is a85 + -156?
92a
In base 11, what is -2564 - 3?
-2567
In base 3, what is 1021221121 - -10?
1021221201
In base 2, what is 1111 + 101111110000?
101111111111
In base 3, what is 201202101 - 22?
201202002
In base 11, what is -6 + -4488?
-4493
In base 8, what is 325 + 22762?
23307
In base 7, what is 244 - 335?
-61
In base 13, what is aa9 + 1032?
1b0b
In base 13, what is 167 + 36?
1a0
In base 11, what is 31a6 - 62?
3144
In base 14, what is -5 + 3965?
3960
In base 9, what is -3473 - 4?
-3477
In base 7, what is 2 + 12141213?
12141215
In base 10, what is 0 - 46346?
-46346
In base 13, what is 1657 + 8?
1662
In base 5, what is -332014 + -1000?
-333014
In base 7, what is -1 - -332424?
332423
In base 2, what is 101110110 + -1100010101111?
-1011100111001
In base 14, what is 5 - -7294?
7299
In base 6, what is -42122 - -1040?
-41042
In base 5, what is -122230 - 3?
-122233
In base 10, what is -6 - 88?
-94
In base 14, what is 7d9b + 149?
8106
In base 10, what is -469876 + 8?
-469868
In base 4, what is -10 - -213111?
213101
In base 14, what is -1a921 + -3?
-1a924
In base 16, what is 5 - 2f5a?
-2f55
In base 7, what is 55 + -14315?
-14230
In base 16, what is -3a + -20727?
-20761
In base 4, what is -1330120301 + -11?
-1330120312
In base 16, what is -8a28 - -6?
-8a22
In base 11, what is -38232 - -4?
-38229
In base 2, what is -100001110110110 - -100?
-100001110110010
In base 3, what is -22 - 1022000?
-1022022
In base 6, what is 54 - -44512?
45010
In base 8, what is -2 + -2152?
-2154
In base 16, what is -18 - -570?
558
In base 8, what is 3 - 54475?
-54472
In base 3, what is 12 + 1011010020112?
1011010020201
In base 3, what is 12111 + -202112?
-120001
In base 10, what is -150 + -144?
-294
In base 13, what is 10a2 + -370?
a32
In base 15, what is a4 + 5ac?
661
In base 12, what is 268 + -1507?
-125b
In base 3, what is -2011100001211 + 10?
-2011100001201
In base 16, what is -13a9 - 47?
-13f0
In base 12, what is -1990 + -50?
-1a20
In base 12, what is 1 - 851a3?
-851a2
In base 14, what is -3111 + 30?
-30c1
In base 4, what is 2 + -101232103?
-101232101
In base 9, what is 386 - -3?
400
In base 14, what is -2c9 + -80?
-369
In base 10, what is -295 + -1876?
-2171
In base 13, what is 1510c + -2?
1510a
In base 9, what is 73 + -123?
-40
In base 14, what is -a0 - -2a37?
2977
In base 3, what is 111221110 - 1022?
111220011
In base 16, what is -2f5 + 5c?
-299
In base 7, what is -13 - 21632?
-21645
In base 8, what is 20 - -122?
142
In base 5, what is 31 + -221232?
-221201
In base 10, what is 3 - 1498672?
-1498669
In base 6, what is 415 - -1031?
1450
In base 14, what is -1 - -2bd9b?
2bd9a
In base 16, what is -2 + -665e3?
-665e5
In base 11, what is 2 + -398502?
-398500
In base 7, what is -1103 - 2?
-1105
In base 11, what is -1 - 12051?
-12052
In base 11, what is -5 - -304691?
304687
In base 10, what is 677 - 3470?
-2793
In base 11, what is 92 + 19a6?
1a88
In base 4, what is 3200 - -2?
3202
In base 12, what is -9301 - 3?
-9304
In base 2, what is -10 - 110010110001011?
-110010110001101
In base 5, what is -232 - 1002?
-1234
In base 5, what is -21232220 - -4?
-21232211
In base 8, what is 1560 - -2572?
4352
In base 6, what is -2 - 132445?
-132451
In base 3, what is -122 - 11200111?
-11201010
In base 4, what is 1132023 + -210?
1131213
In base 3, what is 20001202 - 1?
20001201
In base 6, what is -30 + -2101235?
-2101305
In base 2, what is -10101001 + 10011011111?
10000110110
In base 9, what is 1158 + 4828?
6087
In base 4, what is 32 + -122223?
-122131
In base 10, what is -3 - 31616?
-31619
In base 6, what is 11143 + 11150?
22333
In base 4, what is -1201 - 2231333?
-2233200
In base 15, what is 1 + -1b62?
-1b61
In base 10, what is -3 + 71727?
71724
In base 4, what is 1 - -1221320?
1221321
In base 13, what is -1137 - 10?
-1147
In base 6, what is 24030 - 5?
24021
In base 13, what is -379c8 - -2?
-379c6
In base 3, what is -12 + -110221211?
-110222000
In base 8, what is 32570 + -4?
32564
In base 6, what is -1033 + 533?
-100
In base 11, what is 1328 + 56?
1383
In base 15, what is -55 - a864?
-a8b9
In base 8, what is 45 + 1305?
1352
In base 13, what is -97 + 242?
178
In base 2, what is 0 + 11111101101110?
11111101101110
In base 14, what is 303 - 135?
1ac
In base 9, what is 44 + -631?
-576
In base 8, what is 205376 + 4?
205402
In base 16, what is 156 - 25?
131
In base 9, what is 175 - -223?
408
In base 5, what is 12 + 12140?
12202
In base 9, what is 1 - -1043406?
1043407
In base 12, what is 18b4 + -1?
18b3
In base 7, what is 365504 + 6?
365513
In base 4, what is 2221020 - -310?
2221330
In base 7, what is -11 + 103?
62
In base 7, what is 101536 + 61?
101630
In base 12, what is 65 + 38278?
38321
In base 10, what is 27 - 3104?
-3077
In base 8, what is 2 + -2740?
-2736
In base 16, what is 1 - -325d7?
325d8
In base 13, what is -5 + 547a?
5475
In base 6, what is 22 - -100303?
100325
In base 10, what is 68 + -35426?
-35358
In base 8, what is -5 + -2312?
-2317
In base 14, what is 43 + -18d?
-14a
In base 16, what is 1d7 + 5?
1dc
In base 15, what is 234 + 818?
a4c
In base 12, what is -20 + -21a52?
-21a72
In base 3, what is 1020122010112 - 12?
1020122010100
In base 9, what is -578 - 27162?
-27751
In base 15, what is 218371 + 3?
218374
In base 12, what is -695 + 12b?
-566
In base 13, what is -192 - 19?
-1ab
In base 2, what is 11000111001011 + 11?
11000111001110
In base 9, what is -4046 + -15?
-4062
In base 9, what is -3 + -86316?
-86320
In base 4, what is 3211131221 - 10?
3211131211
In base 7, what is -10 + -3332?
-3342
In base 16, what is c817 + 7?
c81e
In base 7, what is -6 + 422300?
422261
In base 10, what is -2394680 + 5?
-2394675
In base 6, what is 1420450 + -1?
1420445
In base 7, what is -2261 + -142?
-2433
In base 3, what is 2112221210 + 112?
2112222022
In base 16, what is -26b - 6ef?
-95a
In base 7, what is 1 + 164521?
164522
In base 12, what is 2 - 45996?
-45994
In base 14, what is 5 + -ad985?
-ad980
In base 3, what is -2 + 2001212110?
2001212101
In base 13, what is -7050 + -150?
-71a0
In base 5, what is 301 + 12014?
12320
In base 13, what is -b - 46?
-54
In base 15, what is -338 - -3a?
-2ed
In base 5, what is -11 + 12014?
12003
In base 8, what is -63 - 302?
-365
In base 8, what is 221644 + 3?
221647
In base 9, what is 0 + -15108?
-15108
In base 6, what is 5 - -111552?
112001
In base 13, what is 8c0 + -8?
8b5
In base 3, what is 1002022 + -10212?
221110
In base 3, what is -10202221 - -20112?
-10112102
In base 2, what is 1000100 - -10